{"id":2,"date":"2024-07-16T10:01:28","date_gmt":"2024-07-16T08:01:28","guid":{"rendered":""},"modified":"2024-09-17T10:15:10","modified_gmt":"2024-09-17T08:15:10","slug":"beispiel-seite","status":"publish","type":"page","link":"https:\/\/www.karin-valenta.at\/?page_id=2","title":{"rendered":"\u00dcber mich"},"content":{"rendered":"\n<p>Ich war immer schon sehr vielseitig &#8211; nach meiner Gesangs-, Tanz- und Schauspielausbildung hat mich mein Weg in die Musicalwelt im In- und Ausland gef\u00fchrt. Ich war sp\u00e4ter unter anderem als Leads\u00e4ngerin im Entertainmentteam auf einem Kreuzfahrtschiff t\u00e4tig und habe, wieder zur\u00fcck in \u00d6sterreich, eine Ausbildung als Radio-Moderatorin und Sprecherin absolviert.  <\/p>\n\n\n\n<p>Als Moderatorin sehe ich mich zum einen als Link  zwischen den &#8222;Expert:innen&#8220; und dem Publikum und zum anderen als Entertainerin, die das Publikum abgestimmt auf Ort und Thema durch die Veranstaltung begleiten darf. Aufgrund meiner langen Aufenthalte im Ausland und meiner Ausbildung, spreche ich flie\u00dfend Englisch und biete auch zweisprachige Moderationen an.<\/p>\n\n\n\n<p>Von au\u00dfergew\u00f6hnlichen Auftr\u00e4gen wie der Moderation eines Modetheaters, Sprechstallmeisterin im Zirkus bis zu klassischen Business-Events und Messen sowie Firmenfeiern, f\u00fchle ich mich auf jedem Podium zuhause. Daher mein Leitsatz &#8222;Know your audience&#8220; &#8211; ich wei\u00df, wo ein bisschen &#8222;Schm\u00e4h&#8220; angebracht ist und wo man ihn lieber sein lassen sollte. Die W\u00fcnsche der Kund:innen stehen immer im Vordergrund und Professionalit\u00e4t ist mir dabei sehr wichtig.<\/p>\n\n\n\n<p>Ich freue mich darauf, die Stimme Ihres Events sein zu d\u00fcrfen!<\/p>\n\n\n\n<div class=\"wp-block-buttons is-layout-flex wp-block-buttons-is-layout-flex\">\n<div class=\"wp-block-button\"><a class=\"wp-block-button__link wp-element-button\" href=\"https:\/\/www.karin-valenta.at\/?page_id=40\">Booking<\/a><\/div>\n<\/div>\n","protected":false},"excerpt":{"rendered":"<p>Ich war immer schon sehr vielseitig &#8211; nach meiner Gesangs-, Tanz- und Schauspielausbildung hat mich mein Weg in die Musicalwelt im In- und Ausland gef\u00fchrt. Ich war sp\u00e4ter unter anderem als Leads\u00e4ngerin im Entertainmentteam auf einem Kreuzfahrtschiff t\u00e4tig und habe, wieder zur\u00fcck in \u00d6sterreich, eine Ausbildung als Radio-Moderatorin und Sprecherin absolviert. Als Moderatorin sehe ich [&hellip;]<\/p>\n","protected":false},"author":1,"featured_media":34,"parent":0,"menu_order":0,"comment_status":"closed","ping_status":"open","template":"","meta":{"footnotes":""},"class_list":["post-2","page","type-page","status-publish","has-post-thumbnail","hentry"],"_links":{"self":[{"href":"https:\/\/www.karin-valenta.at\/index.php?rest_route=\/wp\/v2\/pages\/2","targetHints":{"allow":["GET"]}}],"collection":[{"href":"https:\/\/www.karin-valenta.at\/index.php?rest_route=\/wp\/v2\/pages"}],"about":[{"href":"https:\/\/www.karin-valenta.at\/index.php?rest_route=\/wp\/v2\/types\/page"}],"author":[{"embeddable":true,"href":"https:\/\/www.karin-valenta.at\/index.php?rest_route=\/wp\/v2\/users\/1"}],"replies":[{"embeddable":true,"href":"https:\/\/www.karin-valenta.at\/index.php?rest_route=%2Fwp%2Fv2%2Fcomments&post=2"}],"version-history":[{"count":7,"href":"https:\/\/www.karin-valenta.at\/index.php?rest_route=\/wp\/v2\/pages\/2\/revisions"}],"predecessor-version":[{"id":121,"href":"https:\/\/www.karin-valenta.at\/index.php?rest_route=\/wp\/v2\/pages\/2\/revisions\/121"}],"wp:featuredmedia":[{"embeddable":true,"href":"https:\/\/www.karin-valenta.at\/index.php?rest_route=\/wp\/v2\/media\/34"}],"wp:attachment":[{"href":"https:\/\/www.karin-valenta.at\/index.php?rest_route=%2Fwp%2Fv2%2Fmedia&parent=2"}],"curies":[{"name":"wp","href":"https:\/\/api.w.org\/{rel}","templated":true}]}}